.
571
Let o(r) = -r**2 + 2289*r + 83708. Determine o(-36).
8
Let m(v) = 27702*v - 23768312. Calculate m(858).
4
Let q(j) = 425*j**2 + 8920*j - 65. Determine q(-21).
40
Let b(n) = n**2 + 219*n - 2103. Calculate b(-228).
-51
Let t(a) = 349*a + 138232. What is t(-396)?
28
Let u(m) = 1536*m - 247347. Determine u(161).
-51
Let q(g) = -2607*g - 1291. Give q(-1).
1316
Let f(c) = 193*c**3 + 5*c**2 - 33*c - 31. What is f(-1)?
-186
Let t(c) = 5*c**3 - 195*c**2 - 188*c + 7276. Give t(39).
-56
Let s(n) = -28693*n - 257882. Calculate s(-9).
355
Let o(w) = 138674*w - 416030. Determine o(3).
-8
Let f(s) = -25*s**2 + 44*s - 110. Determine f(3).
-203
Let k(w) = w**3 - 225*w**2 + 755*w + 28536. Determine k(221).
27
Let u(g) = g**3 + 64*g**2 + 460*g + 681. Give u(-56).
9
Let r(d) = d**3 + 499*d**2 + 60079*d - 1812. Determine r(-203).
15
Let y(f) = f**3 + 112*f**2 + 195*f - 72. Give y(-110).
2678
Let m(c) = -1141*c + 153991. Determine m(135).
-44
Let n(i) = 170305*i + 1021836. Calculate n(-6).
6
Let h(n) = 5*n**3 - 197*n**2 - 93*n - 135. Determine h(40).
945
Let f(h) = -4*h**3 - 2*h**2 + 88*h - 637. Calculate f(7).
-1491
Let k(z) = -139*z**2 + 136*z + 143. Give k(5).
-2652
Let s(x) = -59641*x - 59261. Give s(-1).
380
Let j(z) = 3*z**3 - 26*z**2 + 68*z - 36. Give j(7).
195
Let i(k) = 268*k**3 - 1070*k**2 - 15*k + 73. Calculate i(4).
45
Let g(v) = 4*v**3 + 35*v**2 - 71*v + 349. Determine g(-11).
41
Let k(z) = -209116*z - 1045519. What is k(-5)?
61
Let f(m) = -12*m**3 - 265*m**2 - 24*m - 99. Give f(-22).
-55
Let q(f) = 10205*f + 30498. What is q(-3)?
-117
Let j(s) = 364*s + 37126. Give j(-102).
-2
Let n(c) = -806*c - 95096. Determine n(-118).
12
Let f(i) = 2*i**3 + 1025*i**2 - 33126*i - 1629. Calculate f(-543).
0
Let b(r) = -r**3 - 8*r**2 + 761*r + 178. Calculate b(24).
10
Let n(s) = -s**3 + 127*s**2 + 7759*s + 987. Calculate n(-45).
132
Let h(a) = 38376*a - 805835. Give h(21).
61
Let h(a) = 10279*a + 185026. Determine h(-18).
4
Let w(l) = -11*l**2 + 197*l + 16. Determine w(18).
-2
Let i(s) = 52*s - 2360. Calculate i(48).
136
Let s(d) = 3*d**2 + 104*d + 816. Give s(-12).
0
Let n(l) = l**2 - 1058*l + 181892. Calculate n(216).
20
Let h(l) = -126475*l - 3414840. Calculate h(-27).
-15
Let v(s) = -s**3 - 99*s**2 - 1355*s - 2287. Determine v(-83).
-46
Let d(i) = -i**3 - 599*i**2 + 12443*i + 39002. What is d(-619)?
5
Let m(q) = 100867*q + 21585551. Calculate m(-214).
13
Let y(r) = -r**3 + 452*r**2 - 41067*r - 2974. What is y(326)?
-40
Let g(i) = -i**2 - 1115891*i + 16738584. Calculate g(15).
-6
Let w(b) = -50921*b + 9573133. Give w(188).
-15
Let f(z) = -5144363*z - 25721803. Calculate f(-5).
12
Let d(c) = -8926*c - 2963416. Determine d(-332).
16
Let n(k) = 2*k**3 + 86*k**2 + 158*k - 100. What is n(-41)?
146
Let r(j) = j**3 - 727*j**2 + 5764*j - 9. What is r(8)?
87
Let b(i) = -2565*i - 38394. Give b(-15).
81
Let b(u) = -683*u**2 + 115424*u + 482. Give b(169).
-25
Let u(t) = 33*t**2 - 56*t - 291. Determine u(-5).
814
Let b(o) = 15447*o + 15287. What is b(-1)?
-160
Let m(c) = -50*c**2 - 14229*c + 5867. Calculate m(-285).
-118
Let a(f) = 4*f**2 - 208*f + 2413. Calculate a(18).
-35
Let d(q) = 14*q**3 - 71*q**2 - 286*q + 48. Give d(-4).
-840
Let j(g) = -16*g**2 - 678*g + 2848. Calculate j(4).
-120
Let t(p) = -p**3 + 154*p**2 + 1141*p - 80393. Calculate t(158).
29
Let l(r) = 983923*r - 11807039. What is l(12)?
37
Let t(d) = 6*d**3 + 65*d**2 + 13*d + 253. Calculate t(-11).
-11
Let j(r) = -r**2 + 80651*r - 403221. What is j(5)?
9
Let d(c) = 3908*c**2 - 31294*c + 26. Calculate d(8).
-214
Let j(n) = 36014*n - 504155. Determine j(14).
41
Let u(y) = 767*y - 32223. Calculate u(42).
-9
Let u(v) = v**3 + 117*v**2 + 1976*v - 10776. Calculate u(-95).
54
Let l(x) = -25*x**2 - 282*x + 1155. What is l(-14)?
203
Let o(u) = -2*u**2 + 69*u - 399. Give o(11).
118
Let t(h) = 139*h + 21386. What is t(-164)?
-1410
Let l(o) = o**3 - 160*o**2 - 5917*o - 762. Calculate l(191).
2
Let g(t) = 904*t - 27412. Determine g(30).
-292
Let i(j) = -3*j**2 + 90*j + 13991. Determine i(-55).
-34
Let k(b) = -530*b + 19373. Give k(40).
-1827
Let o(y) = -17744*y + 105176. Give o(6).
-1288
Let s(c) = -5*c**3 - 1339*c**2 - 3713*c - 771. What is s(-265)?
24
Let o(y) = -118393*y - 2604641. Calculate o(-22).
5
Let w(v) = -43*v - 2206. What is w(-47)?
-185
Let d(i) = -17652*i - 370403. Determine d(-21).
289
Let x(u) = 39*u**3 - 8*u**2 - 28*u + 70. Give x(-5).
-4865
Let z(a) = -33*a**3 - 51*a**2 - 3*a - 23. Calculate z(-2).
43
Let r(h) = -74816*h - 16. Give r(0).
-16
Let q(p) = p**3 - 128*p**2 - 131*p + 269. Calculate q(129).
11
Let u(x) = -50*x**2 - 3503*x - 344. What is u(-70)?
-134
Let b(o) = o**3 - 126*o**2 - 1622*o + 91887. Calculate b(133).
-16
Let a(r) = r**3 + 262*r**2 - 528*r + 2. Give a(2).
2
Let s(y) = -33*y**2 - 604*y - 2985. Calculate s(-8).
-265
Let p(s) = 233*s - 28998. Calculate p(104).
-4766
Let l(y) = 2*y**3 - 104*y**2 + 909*y - 372. Calculate l(41).
-85
Let f(c) = 4*c**3 + 107*c**2 + 3572*c + 97168. Calculate f(-27).
-5
Let a(p) = p**3 + 20*p**2 + 164*p - 23. What is a(-13)?
-972
Let v(q) = 255*q - 6943. Determine v(29).
452
Let u(k) = k**3 - 72*k**2 + 919*k - 1132. Give u(56).
156
Let i(w) = -4246*w + 29716. Determine i(7).
-6
Let o(c) = 22*c**2 + 4052*c - 32983. Calculate o(-192).
41
Let p(q) = 2086*q + 8977. Determine p(-5).
-1453
Let y(l) = 16181*l - 129456. Determine y(8).
-8
Let y(r) = -642042*r + 1284102. Calculate y(2).
18
Let b(u) = -782*u + 298387. Give b(382).
-337
Let c(j) = -8*j**2 + 66*j - 901. Determine c(14).
-1545
Let i(k) = -9*k**2 + 47*k - 828. Calculate i(9).
-1134
Let j(v) = 12*v**2 - 138*v - 111. Determine j(11).
-177
Let m(j) = -25*j**2 - 3743*j + 18763. What is m(5)?
-577
Let c(m) = 8890*m + 37126. Determine c(-4).
1566
Let n(k) = 67642*k - 67636. Determine n(1).
6
Let l(w) = w**3 - 101918*w - 101918. Determine l(-1).
-1
Let y(l) = -14891*l + 4407705. Calculate y(296).
-31
Let p(v) = -38730*v - 116537. What is p(-3)?
-347
Let a(o) = -637*o + 36360. Give a(59).
-1223
Let c(f) = -156*f - 6830. Give c(-50).
970
Let t(n) = 3194*n - 1680036. Determine t(526).
8
Let g(x) = -917*x**2 + 114*x - 111. What is g(1)?
-914
Let v(m) = 6*m**3 + 1656*m**2 + 1653*m + 881. Give v(-275).
56
Let a(k) = 780*k**3 + 2322*k**2 - 52*k - 1. What is a(-3)?
-7
Let d(v) = 1627*v + 10275. Determine d(-6).
513
Let c(p) = -3*p**2 - 3059*p + 40269. Calculate c(13).
-5
Let q(m) = -82*m**3 - 3*m**2 - 14*m - 8. Determine q(0).
-8
Let s(x) = 17*x**3 + 21*x**2 - 1383*x - 1386. Determine s(-1).
1
Let y(l) = -l**3 + 86*l**2 + 169*l + 618. Determine y(88).
2
Let t(v) = 2*v**2 - 82749*v + 330959. Calculate t(4).
-5
Let y(g) = -3*g**3 + 664*g**2 + 8893*g - 239. Determine y(234).
-5
Let v(p) = 37*p**2 + 2642*p + 807. Determine v(-71).
-258
Let p(r) = -820999*r + 13956964. What is p(17)?
-19
Let h(b) = 2645*b - 15990. What is h(6)?
-120
Let u(l) = -1567*l + 18797. Give u(12).
-7
Let n(v) = 17*v**2 + 2398*v - 1028. Determine n(-141).
-1169
Let z(m) = 1817*m + 70901. Calculate z(-39).
38
Let u(d) = -8455*d - 202927. What is u(-24)?
-7
Let z(x) = -45*x**2 + 1741*x + 8728. What is z(-5)?
-1102
Let r(g) = 16386*g - 49209. What is r(3)?
-51
Let n(s) = 3*s**2 - 26124*s + 156660. Calculate n(6).
24
Let a(c) = 3*c**2 - 158*c + 1528. Determine a(11).
153
Let c(o) = -3*o**3 + 129*o**2 - 456*o - 453. What is c(39)?
15
Let v(k) = k**3 + 59*k**2 - 1230*k - 74705. What is v(-58)?
-1
Let q(l) = 2*l**3 - 2*l**2 - 22274*l + 207. What is q(106)?
-1277
Let i(f) = 2*f**2 + 1574*f - 161722. What is i(92)?
14
Let d(s) = s**3 - 57*s**2 + 153*s + 226. What is d(54)?
-260
Let t(d) = 3*d**2 + 669*d - 98149. What is t(-324)?
23
Let w(u) = 33*u**3 + 1244*u**2 + 2018*u + 56. Determine w(-36).
-16
Let c(p) = -15*p**3 + 103*p**2 - 17*p + 200. Give c(7).
-17
Let u(o) = 532*o - 4631. What is u(6)?
-1439
Let d(t) = -200*t - 18568. Give d(-91).
-368
Let j(s) = -31*s**2 + 266*s - 374. Determine j(2).
34
Let b(h) = 128535*h + 128619. Calculate b(-1).
84
Let d(o) = 9*o**2 - 21*o + 372. What is d(0)?
372
Let i(g) = 75*g - 14528. Give i(226).
2422
Let p(n) = n**3 + 119*n**2 - 1587*n + 188. Give p(12).
8
Let q(r) = 324*r + 219788. Determine q(-679).
-208
Let b(s) = 76852*s - 4764817. Determine b(62).
7
Let h(j) = j**3 - 93*j**2 + 1786*j - 60. Determine h(27).
48
Le